of 31?
True
Is 52 a factor of 172848?
True
Is 44730 a multiple of 70?
True
Is 52598 a multiple of 4?
False
Is 99 a factor of 786174?
False
Is 149 a factor of 105877?
False
Does 60 divide 37020?
True
Is 162476 a multiple of 97?
False
Is 183870 a multiple of 270?
True
Does 276 divide 12733701?
False
Does 48 divide 864816?
True
Does 1707 divide 5988249?
False
Is 1357 a factor of 3166970?
False
Is 555 a factor of 21633527?
False
Does 133 divide 1394058?
False
Is 3247200 a multiple of 50?
True
Is 3 a factor of 53891?
False
Is 378 a factor of 4351536?
True
Does 20 divide 3523833?
False
Is 3162 a multiple of 3?
True
Does 1041 divide 9342742?
False
Is 5708224 a multiple of 1264?
True
Is 7 a factor of 100951?
False
Is 160230 a multiple of 294?
True
Is 5 a factor of 40662?
False
Is 361 a factor of 163894?
True
Is 342 a factor of 1135098?
True
Is 14 a factor of 658033?
False
Is 580 a factor of 27087160?
True
Is 24 a factor of 676272?
True
Is 784 a factor of 1473136?
True
Is 6655128 a multiple of 6?
True
Does 210 divide 323752?
False
Does 31 divide 265990?
False
Does 2407 divide 21934991?
True
Is 12 a factor of 3586215?
False
Is 279 a factor of 320285?
False
Is 1853404 a multiple of 191?
False
Does 588 divide 559895?
False
Is 199 a factor of 9347574?
False
Is 55 a factor of 7951515?
True
Is 4075711 a multiple of 10?
False
Does 179 divide 348871?
True
Is 382245 a multiple of 820?
False
Does 91 divide 3612067?
False
Is 172 a factor of 69188?
False
Is 76316 a multiple of 2?
True
Is 30 a factor of 4518189?
False
Is 22637 a multiple of 2?
False
Does 285 divide 1479142?
False
Is 35 a factor of 270200?
True
Does 25 divide 290075?
True
Is 70080 a multiple of 80?
True
Is 12 a factor of 664644?
True
Is 14 a factor of 412146?
True
Is 214 a factor of 17157273?
False
Is 35 a factor of 299040?
True
Is 117 a factor of 226743?
False
Is 84 a factor of 221760?
True
Is 2761824 a multiple of 52?
True
Does 7 divide 455149?
False
Does 289 divide 2357853?
False
Is 118 a factor of 310930?
True
Does 198 divide 49500?
True
Is 401547 a multiple of 137?
True
Is 8200 a multiple of 10?
True
Is 201529 a multiple of 7?
False
Does 230 divide 3359784?
False
Is 28 a factor of 67200?
True
Does 21 divide 915978?
True
Is 11 a factor of 1283012?
False
Is 2653294 a multiple of 21?
False
Is 19 a factor of 368714?
True
Does 303 divide 3270279?
True
Is 871684 a multiple of 290?
False
Does 31 divide 4022095?
True
Does 13 divide 213935?
False
Is 808380 a multiple of 162?
True
Does 10 divide 42736?
False
Does 2 divide 887942?
True
Does 243 divide 233967?
False
Is 8 a factor of 306161?
False
Is 536 a factor of 2663384?
True
Is 189774 a multiple of 323?
False
Does 451 divide 6314?
True
Is 32 a factor of 149152?
True
Does 13 divide 852085?
True
Is 2800145 a multiple of 11?
False
Does 4 divide 210538?
False
Does 8 divide 3198?
False
Is 191 a factor of 1122891?
False
Does 12 divide 103994?
False
Does 14 divide 1942935?
False
Does 1524 divide 16975358?
False
Does 70 divide 75738?
False
Is 2496487 a multiple of 469?
True
Does 26 divide 10696608?
True
Is 28941 a multiple of 14?
False
Is 42 a factor of 374095?
False
Is 134541 a multiple of 31?
False
Is 32 a factor of 961856?
True
Is 243 a factor of 358911?
True
Is 148060 a multiple of 13?
False
Is 252360 a multiple of 701?
True
Is 17617675 a multiple of 409?
True
Is 13 a factor of 1271?
False
Does 17 divide 4858780?
False
Is 6607688 a multiple of 37?
False
Is 216073 a multiple of 77?
False
Is 39078 a multiple of 13?
True
Is 36294 a multiple of 526?
True
Is 83 a factor of 362936?
False
Is 54 a factor of 649602?
False
Does 11 divide 1143967?
True
Is 46 a factor of 25716731?
False
Is 20 a factor of 275507?
False
Is 5871279 a multiple of 181?
False
Is 45507 a multiple of 42?
False
Does 447 divide 680334?
True
Is 1023 a factor of 1558359?
False
Does 8 divide 4216232?
True
Is 39216 a multiple of 4?
True
Is 557051 a multiple of 177?
False
Is 860274 a multiple of 801?
True
Does 23 divide 21873?
True
Is 105750 a multiple of 235?
True
Is 167693 a multiple of 62?
False
Does 28 divide 10526444?
False
Is 60 a factor of 185211?
False
Is 98 a factor of 57526?
True
Is 254 a factor of 44126?
False
Does 17 divide 61301?
False
Does 13 divide 987521?
False
Is 5647731 a multiple of 422?
False
Is 3178732 a multiple of 19?
False
Is 212681 a multiple of 150?
False
Is 104056 a multiple of 8?
True
Is 30 a factor of 195884?
False
Does 21 divide 724815?
True
Does 14 divide 21555?
False
Is 133 a factor of 2344853?
False
Does 92 divide 2966815?
False
Is 3404522 a multiple of 374?
True
Does 889 divide 2544805?
False
Is 126 a factor of 582876?
True
Is 197472 a multiple of 247?
False
Does 10 divide 7084256?
False
Is 11 a factor of 5526158?
True
Is 965 a factor of 1198530?
True
Does 236 divide 5423342?
False
Does 321 divide 99510?
True
Is 147853 a multiple of 3?
False
Is 1164 a factor of 6029192?
False
Does 120 divide 1427400?
True
Does 64 divide 58504?
False
Does 549 divide 9483058?
False
Is 3240 a multiple of 3?
True
Is 878267 even?
False
Is 19 a factor of 865031?
False
Is 1144114 a multiple of 1907?
False
Is 2766086 a multiple of 1099?
False
Does 15 divide 678337?
False
Is 9 a factor of 62171?
False
Does 5 divide 9728229?
False
Is 82159 a multiple of 11?
True
Is 59 a factor of 898978?
False
Is 713 a factor of 1724944?
False
Is 335466 a multiple of 2?
True
Is 10961432 a multiple of 23?
True
Is 2020877 a multiple of 5?
False
Does 20 divide 321920?
True
Is 82 a factor of 1042548?
True
Is 37 a factor of 114522?
False
Is 9096072 a multiple of 6?
True
Does 16 divide 14333116?
False
Is 107373 a multiple of 249?
False
Is 611094 a multiple of 282?
True
Does 547 divide 1401373?
False
Does 29 divide 430824?
True
Does 1137 divide 517103?
False
Is 299 a factor of 1789230?
False
Is 35 a factor of 275205?
True
Is 105 a factor of 874545?
True
Is 64 a factor of 2822672?
False
Is 24 a factor of 546793?
False
Does 314 divide 159198?
True
Is 121 a factor of 88088?
True
Does 27 divide 245431?
False
Is 1358990 a multiple of 10?
True
Is 8849388 a multiple of 2101?
False
Is 10 a factor of 4925032?
False
Is 274738 a multiple of 4?
False
Is 102 a factor of 395266?
False
Is 582 a factor of 1536480?
True
Does 158 divide 92737?
False
Is 679661 a multiple of 35?
False
Is 4 a factor of 15745?
False
Is 113 a factor of 685831?
False
Is 1419 a factor of 5288333?
False
Is 11612904 a multiple of 136?
True
Does 91 divide 226499?
True
Is 242605 a multiple of 5?
True
Does 3 divide 70299?
True
Is 19 a factor of 530746?
True
Does 289 divide 689554?
True
Is 65 a factor of 1128400?
True
Is 88 a factor of 5340890?
False
Does 5 divide 25276?
False
Is 864418 a multiple of 326?
False
Is 1005248 a multiple of 32?
True
Is 1777913 a multiple of 3?
False
Does 24 divide 805944?
True
Does 11 divide 826243?
True
Is 105 a factor of 7317760?
False
Is 253 a factor of 39974?
True
Is 6146 a multiple of 7?
True
Is 2970180 a multiple of 58?
True
Is 9404 a multiple of 93?
False
Is 23 a factor of 6190174?
True
Is 3014687 a multiple of 26?
False
Is 1125512 a multiple of 44?
False
Is 46778 a multiple of 10?
False
Is 3443952 a multiple of 8?
True
Is 40 a factor of 94945?
False
Is 296 a factor of 5722272?
True
Does 4 divide 74945?
False
Is 258 a factor of 457434?
True
Is 13 a factor of 35692761?
True
Is 5312112 a multiple of 8?
True
Does 30 divide 4263990?
True
Is 195810 a multiple of 6?
True
Is 1901041 a multiple of 350?
False
Is 117695 a multiple of 14?
False
Does 324 divide 3608064?
True
Does 16 divide 12117902?
False
Does 673 divide 15479?
True
Is 699 a factor of 914796?
False
Is 17 a factor of 95847?
False
Is 499 a multiple of 3?
False
Is 4134160 a multiple of 155?
True
Does 29 divide 4038905?
False
Is 10 a factor of 2449054?
False
Is 70737 a multiple of 36?
False
Does 50 divide 67424?
False
Does 105 divide 157647?
False
Is 322 a factor of 722568?
True
Is 1790502 a multiple of 1246?
True
Is 759 a factor of 2092563?
True
Is 2 a factor of 1981032?
True
Does 8 divide 45632?
True
Is 5 a factor of 81054?
False
Does 83 divide 5376242?
True
Is 19244 a multiple of 57?
False
Does 2 divide 11851?
False
Is 5463838 a multiple of 14?
False
Does 1428 divide 9537612?
True
Is 396271 a multiple of 5?
False
Does 453 divide 1521174?
True
Does 199 divide 1272876?
F